 m*a. What is k(4)?
0
Let m(i) be the second derivative of i**5/20 - 5*i**4/12 - i**3/2 + i**2/2 + 5*i. Give m(5).
-14
Let t(d) be the third derivative of -d**6/120 + d**5/20 - d**4/12 + 2*d**2 + 22*d. Let y = 2 + 0. Give t(y).
0
Let o(b) = 106*b**3 - 215*b**3 + b**2 + 110*b**3 + 3 - 3*b. What is o(-3)?
-6
Let f(j) = 3*j**2 - 3*j + 7. Let c(x) = -3*x**2 + 3*x - 8. Let w(p) = p. Let d be w(6). Let u(z) = d*c(z) + 7*f(z). Calculate u(2).
7
Let h(v) = -4*v**2 - 3 + 14 + 3*v**2 - 4 - 6*v. Let f = 1 - 6. Give h(f).
12
Let j(n) = 2*n**2 + 2*n - 2. Suppose -4*h + c - 12 = 0, -c = 4*h - 4*c + 12. What is j(h)?
10
Let y(p) = -p - 2. Let z(t) = -t. Let v(o) = y(o) - 2*z(o). Let k be v(7). Let i(b) = b**2 - 4*b - 1. Give i(k).
4
Let g(t) = -9*t + 4. Let u(k) = 14*k - 6. Let j(m) = -8*g(m) - 5*u(m). Determine j(5).
8
Let c(q) = 5*q**2 - 2*q - 10. Let j(y) = -y**2 - y + 1. Let g(z) = c(z) + 4*j(z). Calculate g(5).
-11
Let m(h) = -h**3 - h**2 + h. Let g be m(-2). Suppose g*q + 3*i - 8 + 0 = 0, 0 = 5*q - 5*i + 5. Let y(w) = -9*w**3 + w. Calculate y(q).
-8
Let a = -4 - -6. Suppose a*k + 6 = -0. Let q(m) be the first derivative of m**3/3 + 5*m**2/2 - 4*m - 2. Calculate q(k).
-10
Let q(s) be the third derivative of -s**5/120 + s**4/24 - 5*s**3/6 + 6*s**2. Let u(c) be the first derivative of q(c). Determine u(6).
-5
Suppose -4*f + 12 = -0*f. Let n = 6 - f. Let x(d) = d + d**n - d + 2 - d**2 - d. Give x(0).
2
Suppose -2*j + 2*r + 12 = 0, 0*j - 2*j + 9 = -r. Suppose 2*s + 5 = j. Let z(a) = 3*a**2 + 2*a + 1. What is z(s)?
2
Let r(u) be the first derivative of -u**3/3 - 3*u**2/2 - 3*u - 2. Calculate r(-3).
-3
Let v(h) be the second derivative of 7/6*h**3 + 0 + 3*h + 0*h**2. Give v(1).
7
Suppose 4*j = -j. Let w = 2 - j. Let t(u) = -1 + 2*u + 2*u**w - 3*u + 0*u. What is t(-1)?
2
Let p(m) = -m + 9. Let c = 45 + -37. Determine p(c).
1
Let w(f) = f**3 - 7*f**2 - 7*f - 2. Let c be w(8). Let o(y) = -y**2 + 7*y - 9. What is o(c)?
-3
Suppose -4 + 19 = 5*q. Suppose -2*d + 15 = q*d. Let n(m) = -m + m + m + d. Determine n(-5).
-2
Let x(q) = q**2 - 8. Let l be (1/2 - 1/2)/1. Give x(l).
-8
Let p(g) be the third derivative of -g**5/60 + 5*g**4/24 - 40*g**2. Give p(4).
4
Let h(s) = 0*s + s**2 - 2 + 0*s - 4*s. Suppose 3*y - 7*y = -12. Suppose -k - 3*c + 6 = -4, -4*k = y*c - 22. Calculate h(k).
-2
Let t(m) = m**3 - 3*m**2 - 7*m. Let b(v) = v + 11. Let p be b(-6). What is t(p)?
15
Let u(z) be the second derivative of -z**5/20 + 5*z**4/12 + z**3 + 2*z**2 - 12*z. What is u(6)?
4
Let a(i) = 2 + 4*i**3 - 5*i**3 + 2*i**3 - 6*i - 6*i**2. Determine a(7).
9
Let d(h) = -h**3 - 8*h**2 - 6*h + 10. Let b be d(-7). Let g(m) = 0*m - b*m**2 + 4*m**2 + 1 + 4*m. Let z be (-2)/(-9) - 76/18. Give g(z).
1
Let f(t) = -t**3 + 3*t**2 - t - 1. Let b be f(2). Let k(c) = 8*c**2 - c - 1 - 10*c**2 + 2. Determine k(b).
-2
Let m be (4/12)/(2/30). Let b(t) = t**3 - 9*t**2 + 9*t - 5. Let x(h) = 3*h**3 - 26*h**2 + 26*h - 15. Let p(f) = 8*b(f) - 3*x(f). Give p(m).
0
Suppose -5*p + 1 = -v + 8, -5*p + 3 = 4*v. Let q(y) = -y + y - v*y**2 + 3*y**2 + 7*y**3. Calculate q(-1).
-6
Let p(j) be the first derivative of 2*j + 3*j**2 - 2 - 1/3*j**3. Let u(a) be the first derivative of p(a). Give u(4).
-2
Let h be (-6)/27 + (-99)/(-81). Let u(i) = 6*i**2 + 2*i - 1. Determine u(h).
7
Let q(l) = -l - 4. Let z be q(-7). Let m(b) = -b**3 + 2*b**2 + 2*b - 4. Determine m(z).
-7
Let n(o) = -o**3 - 10*o**2 + 11*o + 4. Let q be n(-11). Suppose 3*u + 0*u = q*t + 31, 3*t = u - 17. Let y(r) = -r**3 + 5*r**2 - 6. What is y(u)?
-6
Let h(i) = -11*i**3 + 23*i**2 - 8*i - 19. Let f = 9 - 6. Let g(j) = -j - 7*j - 9 + 4*j + 11*j**2 - 5*j**f. Let p(n) = -9*g(n) + 4*h(n). Determine p(6).
-7
Suppose 0 = -2*u + 3*k - 4 + 1, -4*u + 14 = -2*k. Suppose -2*q + 24 = q. Let z = u - q. Let w(j) = -j**3 - j**2 + 1. Calculate w(z).
5
Let z = 54 - 57. Let t(m) = m - 2. Let w be t(6). Let r(x) = 2*x**2 + x - 3*x**3 + w*x**3 - 3*x. Give r(z).
-3
Let a be (-1)/2*(4 - 0). Let w be 0 - (-6 - a - 0). Let g(r) = r**2 - 4. Let o(v) = v**2 + v - 5. Let q(p) = -6*g(p) + 5*o(p). Calculate q(w).
3
Let w(m) = 2 - 5 - m**3 + 7 + m**2. What is w(3)?
-14
Let j(s) be the first derivative of 8*s**2 + 5*s**2 - 3 - 16*s**2. Determine j(1).
-6
Let z = 4 - 2. Let n(f) be the first derivative of -f - 3/2*f**2 + 2. Determine n(z).
-7
Let c(q) be the first derivative of -3*q**2 - 63. Calculate c(-1).
6
Let y = -179 + 181. Let w(i) be the third derivative of -i**y + 0*i + 0 - 1/24*i**4 - 1/120*i**6 + 0*i**5 + 1/2*i**3. Give w(0).
3
Suppose -4*s - 2 = 2*f, -3*f + 4*f = -5*s - 4. Let x(z) = 17*z**2 - z + 1. Calculate x(f).
17
Let h = -3 + 4. Let n(a) = -2*a + h - a**2 - a**3 + 5*a**3 + 3*a. Let k = -1 - 0. Give n(k).
-5
Let w(p) = 3*p + 5. Let s be (11/4 + 33/(-44))*-2. Give w(s).
-7
Suppose -4*h - z = -10, -5*z = 2*h - 3 + 7. Let d(y) = y + 1. Determine d(h).
4
Let o be (4 + 2)*(-2)/3. Let c(q) = -3 - 2 - q - 1 + 0*q. Give c(o).
-2
Let z(r) be the third derivative of 0*r + 0 - 1/6*r**3 + 2*r**2 + 1/60*r**5 + 0*r**4. Suppose -2*k = 4*a + 12, -3*a + 2*k + 9 = -k. Give z(a).
0
Let y = 8 - 5. Suppose 26 + 4 = y*q. Suppose g + 5*m = -q, -4*g - 8 = -0*m + 4*m. Let k(s) = s + 2. Give k(g).
2
Let o = 2 - 1. Let s(p) = -15*p**3 + 2*p**2 + 2*p - 2. Let d(k) = 22*k**3 - 3*k**2 - 3*k + 3. Let h(c) = -5*d(c) - 7*s(c). Determine h(o).
-4
Let j(x) = -4*x**3 + x. Let i = 1 + 1. Suppose i*l = c, 0 = 4*l - 6*l + 3*c + 4. Calculate j(l).
3
Let d(b) = -4*b**3 + b**2 + b - 1. Suppose -2*c + 2 = -3*c. Let p = -11 + 8. Let v = c - p. What is d(v)?
-3
Let f(l) = 3 + 0 - 3 - 3*l - 2 - l**2. Let c be 8/(-4)*(2 + -1). What is f(c)?
0
Let w be -2 + (-3 - -5) + 4. Suppose 0 = -w*p - 4 - 0. Let o(i) = -4*i + 4 - 3 - 2. What is o(p)?
3
Suppose -a + 0 = -5. Suppose -2*f + 0*f + k = -8, 3*f + a*k = 38. Let p(z) = f - 5 - 4*z - 2. Give p(-1).
3
Let k be (-7)/(-84) - 1*2/(-8). Let g(p) be the first derivative of -k*p**3 - 4 - 1/2*p**2 - 2*p. What is g(-2)?
-4
Suppose -3*u + 10 = 5*h, -4 = -2*h + 3*u - 0. Suppose 3*f - 3*k - 3 = -33, -5*k = h*f - 8. Let x(a) = a + 4. What is x(f)?
-2
Let d = 52 - 58. Let k(u) = -u**3 - 5*u**2 + 8*u + 3. Calculate k(d).
-9
Let b(h) = h - 9. Let z be (-3)/6*0*1/(-1). Give b(z).
-9
Let j be -2 + 0 + 0 + 0. Let x(k) = 2*k**2 - 1. Determine x(j).
7
Let u(o) = 21*o - 1. Suppose 0 = -q + 2*g + 3*g - 4, -3*g = 2*q - 5. Determine u(q).
20
Let q(f) = 5*f**3 + 11*f**2 + 5*f + 8. Let r(y) = 6*y**3 + 12*y**2 + 6*y + 9. Let i(c) = 5*q(c) - 4*r(c). What is i(-7)?
-3
Let p(c) = c**3 - 4*c**2 + 3*c + 1. Let v be (0 - 2) + (-4)/(-4). Let q be 2 + 0 + 2 + v. Give p(q).
1
Let u(i) = 3 - 1 - 10 + i - 8. What is u(0)?
-16
Let u(h) = h + 9. Let f(z) = 2*z + 17. Let o(r) = 3*f(r) - 5*u(r). Give o(0).
6
Let d(p) be the second derivative of p**3/6 + p**2 - 8*p. What is d(5)?
7
Let i(v) be the second derivative of 1/6*v**3 - 5/2*v**2 + 1/12*v**4 + 5*v + 0. Give i(-4).
7
Let i(q) be the third derivative of q**5/120 - q**4/6 - q**3/6 - 3*q**2. Let o(b) be the first derivative of i(b). What is o(6)?
2
Let p(f) be the second derivative of f**4/12 - f**3/3 - 5*f**2/2 - 21*f. What is p(4)?
3
Let z(k) = 2*k**3 + k**2 - k. Suppose 4*u = -l + 10, 5 = -4*l - 3. Suppose -3*c - 4*y = 5, u*c - 2*y = -0*c - 11. Let q = -2 - c. Determine z(q).
2
Let n(v) = -1. Let y(a) = -a - 12. Let r(l) = -1. Let x(t) = 6*r(t) - y(t). Let k be (1 - 0)/(-3 + 2). Let o(i) = k*x(i) - 2*n(i). Determine o(-5).
1
Let u(w) = -w - 7 + 5*w - w - 7*w**2. Let g(h) = -4*h**2 + 2*h - 4. Let s be (3/(-2))/(4/8). Let x(j) = s*u(j) + 5*g(j). What is x(-3)?
7
Let c(i) = -i**3 + 4*i**2 - 3*i + 2. Let s = -5 - -85. Suppose 2*a = -2*a + s. Suppose -y + 6*y = a. Determine c(y).
-10
Let m(b) = b + 2. Let v be m(-3). Let p(i) = -4*i**2 + i + 1. Give p(v).
-4
Let d = 4 + -1. Let g(m) be the second derivative of m**3/6 - 7*m**2/2 + 5*m. Give g(d).
-4
Suppose -2*c + 2 + 0 = 0. Let d(g) = c + 0*g - g + 0*g. Let u = 76 + -77. Give d(u).
2
Let h(n) = -7*n - 1. Let q(i) = i**2 - 8*i + 6. Suppose -10 + 3 = -s. Let c be q(s). Determine h(c).
6
Let y(v) = 2*v - 3. Suppose 4*f + 18 = -j, -5*j + 0*f = -3*f - 25. Let n = -7 + j. Let g(z) = -z**3 - 6*z**2 - 6*z - 2. Let b be g(n). Calculate y(b).
3
Let f be ((-15)/(-5))/(2 - 1). Let u(r) = r - 4. Give u(f).
-1
Let k = -97 + 93. Le